?
False
Does 25 divide 2664400?
True
Is 15 a factor of 2291415?
True
Does 17 divide 185479?
False
Is 25907 a multiple of 47?
False
Is 978187 a multiple of 7?
True
Is 197392 a multiple of 26?
True
Is 2017240 a multiple of 264?
False
Does 21 divide 272672?
False
Does 29 divide 87083?
False
Is 46 a factor of 26358?
True
Does 1010 divide 1433545?
False
Is 6 a factor of 1479126?
True
Is 6 a factor of 936252?
True
Is 24204 a multiple of 17?
False
Is 152 a factor of 5441183?
False
Does 42 divide 64638?
True
Does 23 divide 45772?
False
Is 889558 a multiple of 10?
False
Is 57011 a multiple of 170?
False
Does 690 divide 225630?
True
Is 373 a factor of 49236?
True
Does 4 divide 127456?
True
Is 113 a factor of 137786?
False
Is 643545 a multiple of 81?
True
Is 239394 a multiple of 17?
True
Is 543465 a multiple of 73?
False
Is 26848250 a multiple of 65?
True
Is 12379 a multiple of 8?
False
Is 52 a factor of 790192?
True
Is 40954 a multiple of 17?
False
Is 423723 a multiple of 17?
False
Is 77898 a multiple of 349?
False
Is 1131 a factor of 3339843?
True
Does 5 divide 1576616?
False
Is 4013745 a multiple of 435?
True
Does 54 divide 89256?
False
Is 3 a factor of 170527?
False
Is 350784 a multiple of 16?
True
Is 97558 a multiple of 246?
False
Is 337210 a multiple of 13?
False
Is 289085 a multiple of 19?
True
Does 614 divide 529882?
True
Does 218 divide 209498?
True
Is 21 a factor of 2993983?
False
Is 3808077 a multiple of 33?
False
Does 381 divide 131445?
True
Does 63 divide 66717?
True
Does 182 divide 3087812?
True
Does 182 divide 1274808?
False
Is 115 a factor of 355810?
True
Is 2050245 a multiple of 3?
True
Does 288 divide 647798?
False
Is 233953 a multiple of 40?
False
Is 2041035 a multiple of 30?
False
Does 85 divide 276194?
False
Is 169 a factor of 1602459?
False
Is 677622 a multiple of 448?
False
Is 174 a factor of 1930356?
True
Does 24 divide 706211?
False
Is 12209416 a multiple of 127?
False
Is 1520940 a multiple of 919?
False
Is 973032 a multiple of 25?
False
Is 83 a factor of 1526038?
True
Is 12541340 a multiple of 140?
True
Is 2277086 a multiple of 95?
False
Does 19 divide 164882?
True
Is 207 a factor of 547308?
True
Is 502 a factor of 1303241?
False
Is 26 a factor of 347152?
True
Does 126 divide 89683?
False
Is 329 a factor of 20101253?
False
Does 9 divide 333869?
False
Is 8 a factor of 48224?
True
Is 12 a factor of 1632140?
False
Is 27 a factor of 202440?
False
Does 5 divide 10425?
True
Does 4 divide 189504?
True
Is 157542 a multiple of 14?
True
Is 14 a factor of 871585?
False
Does 17 divide 3986178?
False
Is 660045 a multiple of 395?
True
Is 2 a factor of 22263?
False
Does 49 divide 1128078?
True
Is 23 a factor of 183793?
True
Does 8 divide 66696?
True
Does 4 divide 804784?
True
Is 9 a factor of 12943490?
False
Is 63 a factor of 120582?
True
Is 125 a factor of 220102?
False
Is 328 a factor of 1132464?
False
Does 82 divide 35437?
False
Is 150 a factor of 4564963?
False
Is 88 a factor of 13906552?
True
Does 35 divide 4488922?
False
Does 8 divide 11616?
True
Is 5563157 a multiple of 34?
False
Is 1239623 a multiple of 26?
False
Does 3 divide 22238?
False
Does 64 divide 79516?
False
Is 469424 a multiple of 4?
True
Is 57600 a multiple of 128?
True
Is 1233860 a multiple of 34?
True
Does 53 divide 1117664?
True
Does 2 divide 114331?
False
Is 126 a factor of 1512?
True
Does 15 divide 1061085?
True
Does 5 divide 127826?
False
Does 22 divide 32604?
True
Is 227696 a multiple of 133?
True
Does 13 divide 183014?
True
Is 19 a factor of 4216940?
False
Is 8 a factor of 3257798?
False
Is 133 a factor of 3082000?
False
Is 2377 a multiple of 2?
False
Is 774 a factor of 72756?
True
Is 261562 a multiple of 157?
True
Is 430064 a multiple of 142?
False
Does 12 divide 117750?
False
Is 33744 a multiple of 8?
True
Does 50 divide 382131?
False
Does 422 divide 1841608?
True
Is 4056864 a multiple of 178?
False
Is 423 a factor of 253377?
True
Does 174 divide 21912?
False
Is 60 a factor of 5379240?
True
Does 16 divide 531984?
True
Does 94 divide 6016?
True
Does 100 divide 260700?
True
Is 896112 a multiple of 36?
True
Does 159 divide 7782529?
False
Is 5040915 a multiple of 223?
True
Is 15 a factor of 341637?
False
Does 664 divide 598264?
True
Is 90 a factor of 316713?
False
Is 240663 a multiple of 47?
False
Is 7 a factor of 140798?
True
Is 4307150 a multiple of 3?
False
Is 299336 a multiple of 284?
True
Is 8 a factor of 1028216?
True
Does 21 divide 10674?
False
Is 1861170 a multiple of 938?
False
Is 1931540 a multiple of 260?
True
Does 90 divide 3064770?
True
Is 320 a factor of 2984640?
True
Is 11 a factor of 46720?
False
Is 585133 a multiple of 25?
False
Does 2 divide 455470?
True
Is 170 a factor of 912050?
True
Is 3394472 a multiple of 328?
True
Does 61 divide 130906?
True
Is 10 a factor of 4760590?
True
Is 67 a factor of 511411?
True
Is 188 a factor of 1327280?
True
Is 11664568 a multiple of 361?
False
Is 32946 a multiple of 3?
True
Does 506 divide 385496?
False
Does 36 divide 84744?
True
Is 5 a factor of 2151165?
True
Is 46 a factor of 797810?
False
Is 254528 a multiple of 41?
True
Does 64 divide 1968448?
True
Does 221 divide 405223?
False
Is 26 a factor of 248482?
True
Is 30 a factor of 366990?
True
Is 666 a factor of 174242?
False
Does 5 divide 130998?
False
Does 24 divide 816960?
True
Is 14 a factor of 1088741?
False
Does 515 divide 16019590?
True
Is 276241 a multiple of 469?
True
Is 5123045 a multiple of 1024?
False
Is 167161 a multiple of 273?
False
Does 127 divide 2911856?
True
Is 46 a factor of 81006?
True
Is 10265690 a multiple of 305?
True
Is 861082 a multiple of 13?
False
Does 160 divide 11680?
True
Does 41 divide 94006?
False
Does 15 divide 520162?
False
Is 617 a factor of 275799?
True
Is 9597302 a multiple of 299?
True
Is 4010028 a multiple of 11?
True
Is 56 a factor of 273840?
True
Does 158 divide 994350?
False
Is 705606 a multiple of 443?
False
Is 558930 a multiple of 9?
False
Is 639939 a multiple of 19?
True
Is 2283336 a multiple of 124?
True
Does 12 divide 4478659?
False
Is 70 a factor of 34090?
True
Is 69 a factor of 42966?
False
Does 77 divide 1628435?
False
Is 11 a factor of 5060051?
False
Does 143 divide 71269?
False
Is 483960 a multiple of 10?
True
Is 529799 a multiple of 229?
False
Is 29 a factor of 1379407?
False
Does 26 divide 1397266?
True
Is 22786 even?
True
Is 248368 a multiple of 38?
True
Is 326952 a multiple of 8?
True
Is 31 a factor of 561503?
True
Is 1017743 a multiple of 3?
False
Is 6538340 a multiple of 10?
True
Is 1869700 a multiple of 25?
True
Does 74 divide 22788152?
True
Does 16 divide 209232?
True
Is 939 a factor of 17148957?
True
Is 267 a factor of 2832520?
False
Is 1267422 a multiple of 212?
False
Does 607 divide 61914?
True
Is 26320 a multiple of 28?
True
Does 125 divide 515846?
False
Does 467 divide 1440547?
False
Is 971 a factor of 986536?
True
Is 55 a factor of 2531774?
False
Does 4 divide 687960?
True
Does 16 divide 789920?
True
Is 12 a factor of 7456284?
True
Does 33 divide 1104200?
False
Is 16975 a multiple of 14?
False
Is 24 a factor of 575138?
False
Does 7 divide 1377330?
False
Does 20 divide 36195?
False
Does 69 divide 8572491?
True
Is 14 a factor of 8979897?
False
Is 3403704 a multiple of 37?
True
Does 485 divide 17534?
False
Does 39 divide 7305?
False
Does 119 divide 464251?
False
Is 12 a factor of 78876?
True
Does 13 divide 2041?
True
Does 117 divide 841815?
True
Does 383 divide 2930333?
True
Does 3 divide 99906?
True
Is 38 a factor of 3705266?
True
Is 34 a factor of 305864?
True
Is 26 a factor of 7875894?
True
Is 77 a factor of 10472447?
False
Does 166 divide 6250730?
True
Is 10623766 a multiple of 176?
False
Does 2 divide 1782892?
True
Does 36 divide 1859508?
True
Is 7089719 a multiple of 7?
True
Is 16 a factor of 13990896?
True
Is 43 a factor of 49004?
False
Is 51688 a multiple of 56?
True
Is 145 a factor of 21025?
True
Is 7 a factor of 94052?
True
Does 59 divide 86691?
False
Does 40 divide 1946815?
False
Is 584412 a multiple of 124?
True
Is 155503 a multiple of 199?
False
Is 11 a factor of 49685?
False
Is 150 a factor of 4441500?
True
Does 38 divide 240061?
False
Does 26 divide 1332590?
False
Does 27 divide 119318?
False
Is 342149 a multiple of 12?
False
Does 65 divide 287848?
False
Is 140 a factor of 80640?
True
